{"id":2043,"date":"2025-09-24T20:42:08","date_gmt":"2025-09-24T20:42:08","guid":{"rendered":"https:\/\/drserapozdamar.com\/?page_id=2043"},"modified":"2025-09-24T20:44:19","modified_gmt":"2025-09-24T20:44:19","slug":"dis-cekimi-sonrasi-kanama","status":"publish","type":"page","link":"https:\/\/drserapozdamar.com\/?page_id=2043","title":{"rendered":"Dis\u0327 c\u0327ekimi sonras\u0131 kanama\u200b"},"content":{"rendered":"\t\t<div data-elementor-type=\"wp-page\" data-elementor-id=\"2043\" class=\"elementor elementor-2043\">\n\t\t\t\t<div class=\"elementor-element elementor-element-5f6c16e e-flex e-con-boxed e-con e-parent\" data-id=\"5f6c16e\" data-element_type=\"container\" data-settings=\"{&quot;jet_parallax_layout_list&quot;:[]}\">\n\t\t\t\t\t<div class=\"e-con-inner\">\n\t\t<div class=\"elementor-element elementor-element-cca4331 e-con-full e-flex e-con e-child\" data-id=\"cca4331\" data-element_type=\"container\" data-settings=\"{&quot;jet_parallax_layout_list&quot;:[]}\">\n\t\t\t\t<div class=\"elementor-element elementor-element-73a322d elementor-widget elementor-widget-image\" data-id=\"73a322d\" data-element_type=\"widget\" data-widget_type=\"image.default\">\n\t\t\t\t<div class=\"elementor-widget-container\">\n\t\t\t\t\t\t\t\t\t\t\t\t\t<img fetchpriority=\"high\" decoding=\"async\" width=\"300\" height=\"225\" src=\"https:\/\/drserapozdamar.com\/wp-content\/uploads\/2025\/09\/IMG_2227-e1758747368592.jpg\" class=\"attachment-large size-large wp-image-1973\" alt=\"\" \/>\t\t\t\t\t\t\t\t\t\t\t\t\t<\/div>\n\t\t\t\t<\/div>\n\t\t\t\t<\/div>\n\t\t<div class=\"elementor-element elementor-element-f6e77d1 e-con-full e-flex e-con e-child\" data-id=\"f6e77d1\" data-element_type=\"container\" data-settings=\"{&quot;jet_parallax_layout_list&quot;:[]}\">\n\t\t\t\t<div class=\"elementor-element elementor-element-4c7d6a0 elementor-widget elementor-widget-heading\" data-id=\"4c7d6a0\" data-element_type=\"widget\" data-widget_type=\"heading.default\">\n\t\t\t\t<div class=\"elementor-widget-container\">\n\t\t\t<h2 class=\"elementor-heading-title elementor-size-default\">Dis\u0327 c\u0327ekimi sonras\u0131 kanama<\/h2>\t\t<\/div>\n\t\t\t\t<\/div>\n\t\t\t\t<div class=\"elementor-element elementor-element-ba5e142 elementor-widget elementor-widget-text-editor\" data-id=\"ba5e142\" data-element_type=\"widget\" data-widget_type=\"text-editor.default\">\n\t\t\t\t<div class=\"elementor-widget-container\">\n\t\t\t\t\t\t\t<p>Di\u015f \u00e7ekimi sonras\u0131 kanamas\u0131 durdurulamayan Toprak\u2019\u0131n hayat\u0131n\u0131 kaybetmesi haberi \u00fczerine, <strong>A\u011f\u0131z, Di\u015f ve \u00c7ene Cerrahisi Uzman\u0131 Dr. Serap \u00d6zdamar<\/strong>, bu t\u00fcr durumlar\u0131n \u00f6n\u00fcne ge\u00e7ilebilmesi i\u00e7in \u00f6nemli bilgiler payla\u015ft\u0131. <strong>Dr. \u00d6zdamar<\/strong>, di\u015f \u00e7ekimi sonras\u0131nda kanama ve p\u0131ht\u0131la\u015fma sorunlar\u0131yla ilgili dikkat edilmesi gerekenleri ve gerekli tedbirleri detayl\u0131 bir \u015fekilde anlatt\u0131.<\/p><p>\u00a0<\/p><p><strong>Di\u015f \u00e7ekimi sonras\u0131 kanama nas\u0131l kontrol alt\u0131na al\u0131n\u0131r ve hangi durumlar risk ta\u015f\u0131r?<\/strong><\/p><p>\u00a0<\/p><p>Di\u015f \u00e7ekiminden sonra hastalar\u0131n uymas\u0131 gereken baz\u0131 basit kurallar vard\u0131r. Bu kurallara dikkat edilmesi, yara yerinin d\u00fczg\u00fcn \u015fekilde p\u0131ht\u0131la\u015fabilmesi i\u00e7in \u00f6nemlidir. Di\u015f \u00e7ekimine ba\u011fl\u0131 \u00f6l\u00fcmc\u00fcl bir kanama genellikle olmaz, ancak kanama ve p\u0131ht\u0131la\u015fma bozuklu\u011fu olan ya da ila\u00e7 kullanan hastalarda dikkat edilmesi gereken \u00f6zel tedbirler vard\u0131r.<\/p><p>\u00a0<\/p><p>\u00d6zellikle hastalar, kanama ve p\u0131ht\u0131la\u015fma durumunu doktorlar\u0131na eksiksiz \u015fekilde bildirmelidir \u00e7\u00fcnk\u00fc bu bilgiler verilmeden i\u015flem yap\u0131l\u0131rsa, olumsuz sonu\u00e7lar ortaya \u00e7\u0131kabilir. Ancak sa\u011fl\u0131kl\u0131 bir bireyde di\u015f \u00e7ekimi sonras\u0131nda kanaman\u0131n durdurulamamas\u0131 m\u00fcmk\u00fcn de\u011fildir.<\/p><p>\u00a0<\/p><p>S\u00fct di\u015fi \u00e7ekiminde ise, k\u00f6k tamamen rezorbe olmu\u015fsa (erimi\u015fse), anesteziye gerek kalmayabilir. Bu durumda kanama da genellikle sorun te\u015fkil etmez. \u00c7ocuklar s\u00fct di\u015flerini \u00e7o\u011funlukla kendileri bile basit\u00e7e \u00e7ekebilmektedirler. Bu durumdan da anla\u015f\u0131laca\u011f\u0131 gibi anestezi yap\u0131lmadan s\u00fct di\u015finin \u00e7ekilmesi ile kanama olu\u015fmas\u0131n\u0131n hi\u00e7bir ilgisi bulunmamaktad\u0131r.<\/p><p>\u00a0<\/p><p><strong>Di\u015f \u00e7ekimi sonras\u0131 kanama ile ilgili \u00f6nemli uyar\u0131lar<\/strong><\/p><p>\u00a0<\/p><p><strong>Dr. \u00d6zdamar,<\/strong> di\u015f \u00e7ekiminden sonraki ilk 24 saatte, yaran\u0131n \u00fczerindeki p\u0131ht\u0131n\u0131n korunmas\u0131 gerekti\u011fini belirtti. Di\u015f \u00e7ekiminden sonra yap\u0131lmas\u0131 gereken \u015fey, ilgili b\u00f6lgeye tampon uygulamak, tamponla birlikte bas\u0131n\u00e7 uygulamak ve yar\u0131m saat bast\u0131rmakt\u0131r. \u00c7alkalama, t\u00fck\u00fcrme gibi i\u015flemler yap\u0131lmamas\u0131 \u00f6nem ta\u015f\u0131r. E\u011fer bu t\u00fcr hareketler yap\u0131l\u0131rsa, yeni olu\u015fan p\u0131ht\u0131 bozulur ve aktif kanama ba\u015flayabilir.<\/p><p>\u00a0<\/p><p>\u00c7ocuklar i\u00e7in s\u00f6z konusu olmamak ile birlikte, \u00e7ekim yerindeki p\u0131ht\u0131y\u0131 bozabilecek en \u00f6nemli hatan\u0131n sigara i\u00e7ilmesi olaca\u011f\u0131n\u0131 vurgulayan Dr. \u00d6zdamar, di\u015f \u00e7ekimi sonras\u0131nda en az 48 saat sigara i\u00e7ilmemesinin \u00e7ok \u00f6nemli oldu\u011funu vurgulad\u0131.<\/p><p>\u00a0<\/p><p><strong>Kanama ve p\u0131ht\u0131la\u015fma bozuklu\u011fu olan hastalar dikkat etmeli<\/strong><\/p><p>\u00a0<\/p><p>Kanama-p\u0131ht\u0131la\u015fma ile ilgili herhangi bir hastal\u0131\u011f\u0131n\u0131z mevcutsa, veya ge\u00e7irdi\u011finiz herhangi bir cerrahi i\u015flem sonras\u0131nda uzun s\u00fcre kanaman\u0131z olduysa, ya da bir yaralanma sonras\u0131nda kanaman\u0131z uzun s\u00fcre durmuyorsa l\u00fctfen bu bilgileri eksiksiz olarak hekiminiz ile payla\u015f\u0131n\u0131z.<\/p><p>\u00a0<\/p><p>Kan suland\u0131r\u0131c\u0131 ila\u00e7 kullanan hastalar\u0131n da di\u015f \u00e7ekimi yap\u0131labilir, ancak bu durumda al\u0131nmas\u0131 gereken baz\u0131 \u00f6nlemler vard\u0131r. Hastalar\u0131n t\u0131bbi bilgilerini eksiksiz bir \u015fekilde hekimlerine bildirmeleri gerekir. Di\u015f \u00e7ekimi gerekti\u011finde, uygun tedbirler al\u0131nd\u0131\u011f\u0131 s\u00fcrece her t\u00fcrl\u00fc di\u015f cerrahisi yap\u0131labilir.<\/p><p>Ayr\u0131ca bu gibi \u00f6zel durumlar\u0131n varl\u0131\u011f\u0131nda hastaya yap\u0131lan i\u015flem sonras\u0131nda, hastan\u0131n takip edilmesi zaman\u0131nda m\u00fcdahale edilebilmesi i\u00e7in son derece \u00f6nemlidir.<\/p><p>\u00a0<\/p><p><strong>P\u0131ht\u0131la\u015fma sorunlar\u0131na dikkat<\/strong><\/p><p>\u00a0<\/p><p><strong>Dr. Serap \u00d6zdamar,<\/strong> bir \u00e7ocu\u011fun di\u015f \u00e7ekimi sonras\u0131 kanamas\u0131n\u0131n durdurulamamas\u0131 durumunun, kanama p\u0131ht\u0131la\u015fma sorunlar\u0131 ya da kullan\u0131lan ila\u00e7lar nedeniyle olabilece\u011fini belirtti. Her durumda, hastalar\u0131n do\u011fru bilgiyi eksiksiz vermesi ve gerekli tedbirlerin al\u0131nmas\u0131, komplikasyonlar\u0131 \u00f6nleyebilir.<\/p>\t\t\t\t\t\t<\/div>\n\t\t\t\t<\/div>\n\t\t\t\t<\/div>\n\t\t\t\t\t<\/div>\n\t\t\t\t<\/div>\n\t\t\t\t<\/div>\n\t\t","protected":false},"excerpt":{"rendered":"<p>Dis\u0327 c\u0327ekimi sonras\u0131 kanama Di\u015f \u00e7ekimi sonras\u0131 kanamas\u0131 durdurulamayan Toprak\u2019\u0131n hayat\u0131n\u0131 kaybetmesi haberi \u00fczerine, A\u011f\u0131z, Di\u015f ve \u00c7ene Cerrahisi Uzman\u0131 Dr. Serap \u00d6zdamar, bu t\u00fcr durumlar\u0131n \u00f6n\u00fcne ge\u00e7ilebilmesi i\u00e7in \u00f6nemli bilgiler payla\u015ft\u0131. Dr. \u00d6zdamar, di\u015f \u00e7ekimi sonras\u0131nda kanama ve p\u0131ht\u0131la\u015fma sorunlar\u0131yla ilgili dikkat edilmesi gerekenleri ve gerekli tedbirleri detayl\u0131 bir \u015fekilde anlatt\u0131. \u00a0 Di\u015f \u00e7ekimi [&hellip;]<\/p>\n","protected":false},"author":1,"featured_media":0,"parent":0,"menu_order":0,"comment_status":"closed","ping_status":"closed","template":"","meta":{"_acf_changed":false,"footnotes":""},"class_list":["post-2043","page","type-page","status-publish","hentry"],"acf":[],"_links":{"self":[{"href":"https:\/\/drserapozdamar.com\/index.php?rest_route=\/wp\/v2\/pages\/2043"}],"collection":[{"href":"https:\/\/drserapozdamar.com\/index.php?rest_route=\/wp\/v2\/pages"}],"about":[{"href":"https:\/\/drserapozdamar.com\/index.php?rest_route=\/wp\/v2\/types\/page"}],"author":[{"embeddable":true,"href":"https:\/\/drserapozdamar.com\/index.php?rest_route=\/wp\/v2\/users\/1"}],"replies":[{"embeddable":true,"href":"https:\/\/drserapozdamar.com\/index.php?rest_route=%2Fwp%2Fv2%2Fcomments&post=2043"}],"version-history":[{"count":8,"href":"https:\/\/drserapozdamar.com\/index.php?rest_route=\/wp\/v2\/pages\/2043\/revisions"}],"predecessor-version":[{"id":2051,"href":"https:\/\/drserapozdamar.com\/index.php?rest_route=\/wp\/v2\/pages\/2043\/revisions\/2051"}],"wp:attachment":[{"href":"https:\/\/drserapozdamar.com\/index.php?rest_route=%2Fwp%2Fv2%2Fmedia&parent=2043"}],"curies":[{"name":"wp","href":"https:\/\/api.w.org\/{rel}","templated":true}]}}