{"id":2034,"date":"2025-09-24T20:37:47","date_gmt":"2025-09-24T20:37:47","guid":{"rendered":"https:\/\/drserapozdamar.com\/?page_id=2034"},"modified":"2025-09-24T20:39:57","modified_gmt":"2025-09-24T20:39:57","slug":"pembe-estetik-nedir","status":"publish","type":"page","link":"https:\/\/drserapozdamar.com\/?page_id=2034","title":{"rendered":"Pembe Estetik Nedir"},"content":{"rendered":"\t\t<div data-elementor-type=\"wp-page\" data-elementor-id=\"2034\" class=\"elementor elementor-2034\">\n\t\t\t\t<div class=\"elementor-element elementor-element-35dd733 e-flex e-con-boxed e-con e-parent\" data-id=\"35dd733\" data-element_type=\"container\" data-settings=\"{&quot;jet_parallax_layout_list&quot;:[]}\">\n\t\t\t\t\t<div class=\"e-con-inner\">\n\t\t<div class=\"elementor-element elementor-element-30f2e97 e-con-full e-flex e-con e-child\" data-id=\"30f2e97\" data-element_type=\"container\" data-settings=\"{&quot;jet_parallax_layout_list&quot;:[]}\">\n\t\t\t\t<div class=\"elementor-element elementor-element-015db58 elementor-widget elementor-widget-image\" data-id=\"015db58\" data-element_type=\"widget\" data-widget_type=\"image.default\">\n\t\t\t\t<div class=\"elementor-widget-container\">\n\t\t\t\t\t\t\t\t\t\t\t\t\t<img fetchpriority=\"high\" decoding=\"async\" width=\"1024\" height=\"683\" src=\"https:\/\/drserapozdamar.com\/wp-content\/uploads\/2025\/09\/IMG_2232-1024x683.jpg\" class=\"attachment-large size-large wp-image-1974\" alt=\"\" srcset=\"https:\/\/drserapozdamar.com\/wp-content\/uploads\/2025\/09\/IMG_2232-1024x683.jpg 1024w, https:\/\/drserapozdamar.com\/wp-content\/uploads\/2025\/09\/IMG_2232-300x200.jpg 300w, https:\/\/drserapozdamar.com\/wp-content\/uploads\/2025\/09\/IMG_2232-768x512.jpg 768w, https:\/\/drserapozdamar.com\/wp-content\/uploads\/2025\/09\/IMG_2232.jpg 1200w\" sizes=\"(max-width: 1024px) 100vw, 1024px\" \/>\t\t\t\t\t\t\t\t\t\t\t\t\t<\/div>\n\t\t\t\t<\/div>\n\t\t\t\t<\/div>\n\t\t<div class=\"elementor-element elementor-element-a90830b e-con-full e-flex e-con e-child\" data-id=\"a90830b\" data-element_type=\"container\" data-settings=\"{&quot;jet_parallax_layout_list&quot;:[]}\">\n\t\t\t\t<div class=\"elementor-element elementor-element-ec27022 elementor-widget elementor-widget-heading\" data-id=\"ec27022\" data-element_type=\"widget\" data-widget_type=\"heading.default\">\n\t\t\t\t<div class=\"elementor-widget-container\">\n\t\t\t<h2 class=\"elementor-heading-title elementor-size-default\">Pembe Estetik Nedir<\/h2>\t\t<\/div>\n\t\t\t\t<\/div>\n\t\t\t\t<div class=\"elementor-element elementor-element-23ac510 elementor-widget elementor-widget-text-editor\" data-id=\"23ac510\" data-element_type=\"widget\" data-widget_type=\"text-editor.default\">\n\t\t\t\t<div class=\"elementor-widget-container\">\n\t\t\t\t\t\t\t<p><strong>Pembe Estetik Nedir? Kusursuz G\u00fcl\u00fc\u015f \u0130\u00e7in Di\u015f Eti Esteti\u011fi<\/strong><\/p><p><strong>Dr. Serap \u00d6zdamar yan\u0131tl\u0131yor:<\/strong><br \/>Estetik di\u015f hekimli\u011finde yaln\u0131zca di\u015flerin beyaz ve orant\u0131l\u0131 olmas\u0131 yetmez; di\u015feti sa\u011fl\u0131\u011f\u0131 ve g\u00f6r\u00fcn\u00fcm\u00fc de esteti\u011fin ayr\u0131lmaz bir par\u00e7as\u0131d\u0131r. \u0130\u015fte bu noktada devreye giren <strong>pembe estetik<\/strong>, di\u015f etlerinin sa\u011fl\u0131kl\u0131, simetrik ve estetik bir g\u00f6r\u00fcn\u00fcme kavu\u015fmas\u0131n\u0131 sa\u011flar. Ayn\u0131 zamanda di\u015feti hastal\u0131klar\u0131n\u0131n a\u011f\u0131z kokusunun en \u00f6nemli nedenlerinden biri oldu\u011fu da unutulmamal\u0131d\u0131r.<\/p><p><strong>Pembe Estetik Nedir?<\/strong><\/p><p>Pembe estetik; di\u015f etlerinin yap\u0131s\u0131, konturu ve renginin d\u00fczenlenmesini kapsayan bir tedavi yakla\u015f\u0131m\u0131d\u0131r. Ama\u00e7, hem di\u015feti hastal\u0131klar\u0131n\u0131 \u00f6nlemek hem de g\u00fcl\u00fc\u015f\u00fc daha estetik hale getirmektir. Sa\u011fl\u0131kl\u0131 ve simetrik di\u015f etleri olmadan kusursuz bir g\u00fcl\u00fc\u015ften s\u00f6z etmek m\u00fcmk\u00fcn de\u011fildir.<\/p><p><strong>Di\u015feti Hastal\u0131klar\u0131 ve Tedavisi<\/strong><\/p><p>Di\u015feti sa\u011fl\u0131\u011f\u0131, estetik g\u00f6r\u00fcn\u00fcm kadar fonksiyon i\u00e7in de \u00f6nemlidir. En s\u0131k g\u00f6r\u00fclen iki di\u015feti hastal\u0131\u011f\u0131 \u015funlard\u0131r:<\/p><ul><li><strong>Gingivitis:<\/strong> Di\u015fetlerinin iltihaplanmas\u0131yla ortaya \u00e7\u0131kar. En belirgin belirtileri k\u0131zar\u0131kl\u0131k, \u015fi\u015flik ve f\u0131r\u00e7alama s\u0131ras\u0131nda kanamad\u0131r. Gingivitis tedavisinde profesyonel di\u015f ta\u015f\u0131 temizli\u011fi (detartraj) ve d\u00fczenli a\u011f\u0131z hijyeni b\u00fcy\u00fck \u00f6nem ta\u015f\u0131r. Erken d\u00f6nemde tedavi edilmezse periodontitise ilerleyebilir.<\/li><li><strong>Periodontitis:<\/strong> Gingivitisin ilerlemi\u015f formudur. Di\u015feti dokular\u0131n\u0131n yan\u0131 s\u0131ra di\u015fi destekleyen kemik dokusunda da kay\u0131plara yol a\u00e7ar. Tedavide di\u015feti k\u00fcretaj\u0131, k\u00f6k y\u00fczeyi d\u00fczle\u015ftirilmesi ve ileri vakalarda cerrahi periodontal operasyonlar uygulan\u0131r.<\/li><\/ul><p>Dr. Serap \u00d6zdamar\u2019\u0131n vurgulad\u0131\u011f\u0131 gibi, <strong>pembe estetik yaln\u0131zca estetik bir uygulama de\u011fil, ayn\u0131 zamanda di\u015feti hastal\u0131klar\u0131n\u0131n kontrol alt\u0131na al\u0131nmas\u0131n\u0131 da i\u00e7erir. Di\u015f eti kanamas\u0131 veya a\u011f\u0131z kokusu gibi \u015fikayetleriniz de kontrol alt\u0131na al\u0131n\u0131r.<\/strong><\/p><p><strong>Di\u015f Eti \u00c7ekilmesi: Tipleri ve Tedavi Se\u00e7enekleri<\/strong><\/p><p>Di\u015feti \u00e7ekilmesi, hem estetik kayg\u0131lara hem de di\u015flerde hassasiyet ve \u00e7\u00fcr\u00fck riskine yol a\u00e7abilir. Ba\u015fl\u0131ca iki nedeni vard\u0131r:<\/p><ul><li><strong>Mekanik kaynakl\u0131 di\u015f eti \u00e7ekilmesi:<\/strong> Yanl\u0131\u015f f\u0131r\u00e7alama tekni\u011fi, sert k\u0131ll\u0131 di\u015f f\u0131r\u00e7alar\u0131 veya di\u015f s\u0131kma gibi fakt\u00f6rlerle ortaya \u00e7\u0131kar. Tedavide \u00f6ncelikle do\u011fru f\u0131r\u00e7alama e\u011fitimi verilir. \u0130leri vakalarda di\u015feti grefti ile kay\u0131p doku yerine konabilir.<\/li><li><strong>Enfeksiyon kaynakl\u0131 di\u015f eti \u00e7ekilmesi:<\/strong> Gingivitis ve periodontitis gibi iltihabi hastal\u0131klar sonucu geli\u015fir. Bu durumda \u00f6ncelikle hastal\u0131\u011f\u0131n kontrol alt\u0131na al\u0131nmas\u0131 gerekir. K\u00fcretaj, k\u00f6k y\u00fczeyi d\u00fczle\u015ftirilmesi ve gerekti\u011finde cerrahi giri\u015fimler ile destek dokular\u0131n sa\u011fl\u0131\u011f\u0131 geri kazan\u0131l\u0131r.<\/li><\/ul><p>Tedavi s\u00fcrecinde, di\u015feti \u00e7ekilmesinin tipine ve \u015fiddetine g\u00f6re <strong>doku grefti, flap operasyonlar\u0131 veya rejeneratif tedaviler<\/strong> uygulanabilir. Ama\u00e7, di\u015feti esteti\u011fini yeniden kazand\u0131r\u0131rken di\u015fi \u00e7evreleyen dokular\u0131 da sa\u011fl\u0131kl\u0131 hale getirmektir.<\/p><p><strong>Gummy Smile Tedavisi<\/strong><\/p><p>G\u00fcl\u00fcmserken di\u015fetlerinin a\u015f\u0131r\u0131 g\u00f6r\u00fcnmesi durumuna <strong>Gummy Smile<\/strong> ad\u0131 verilir.<br \/>Dr. Serap \u00d6zdamar\u2019a g\u00f6re gummy smile, \u015fu nedenlerle olu\u015fabilir:<\/p><ul><li>Di\u015fetlerinin a\u015f\u0131r\u0131 konturlu olmas\u0131<\/li><li>Di\u015flerin boylar\u0131n\u0131n a\u015f\u0131r\u0131 k\u0131sa olmas\u0131<\/li><li>\u00dcst duda\u011f\u0131n \u00e7ok ince veya a\u015f\u0131r\u0131 hareketli olmas\u0131<\/li><li>Di\u015feti hastal\u0131klar\u0131na ba\u011fl\u0131 iltihaplanmalar<\/li><li>\u00dcst \u00e7enede geli\u015fen kemik b\u00fcy\u00fcmeleri<\/li><\/ul><p>Tedavide \u00e7o\u011funlukla <strong>gingivektomi<\/strong> i\u015flemi uygulan\u0131r. Bu i\u015flem lazer, koter veya mikrocerrahi y\u00f6ntemlerle yap\u0131labilir. E\u011fer sorun a\u015f\u0131r\u0131 hareketli dudaktan kaynaklan\u0131yorsa, <strong>botoks uygulamas\u0131<\/strong> da ba\u015far\u0131l\u0131 sonu\u00e7lar verir.<\/p><p><strong>Di\u015f Eti Esteti\u011fi (Pembe Estetik) Hangi Durumlarda Yap\u0131l\u0131r?<\/strong><\/p><ul><li>Di\u015feti hastal\u0131klar\u0131nda (gingivitis, periodontitis)<\/li><li>Di\u015feti \u00e7ekilmelerinde<\/li><li>Di\u015f kuron boylar\u0131n\u0131n \u00e7ok uzun olmas\u0131 durumunda<\/li><li>Di\u015fetlerinin fazla g\u00f6r\u00fcnmesinde<\/li><li>Di\u015fetinde simetri problemlerinde<\/li><\/ul><p>Bu durumlarda yap\u0131lan <strong>pembe estetik tedavileri<\/strong>, di\u015flerin ve di\u015fetlerinin hem sa\u011fl\u0131kl\u0131 olmalar\u0131n\u0131 hem de uyum i\u00e7inde g\u00f6r\u00fcnmesini sa\u011flar.<\/p><p><strong>Di\u015f Eti Esteti\u011fi (Pembe Estetik) Y\u00f6ntemleri<\/strong><\/p><p>Dr. Serap \u00d6zdamar, pembe esteti\u011fin her hastaya \u00f6zel muayene sonras\u0131nda planland\u0131\u011f\u0131n\u0131 belirtiyor. En s\u0131k uygulanan y\u00f6ntemler \u015funlard\u0131r:<\/p><ul><li><strong>Gingivektomi:<\/strong> Di\u015feti seviyelerinin e\u015fitlenmesi.<\/li><li><strong>Gingivoplasti:<\/strong> Di\u015feti formu ve kemik seviyesinin d\u00fczeltilmesi.<\/li><li><strong>Kron boyu uzatma:<\/strong> K\u0131sa g\u00f6r\u00fcnen di\u015flerin estetik dengeye kavu\u015fmas\u0131.<\/li><li><strong>Botoks uygulamas\u0131:<\/strong> Gummy smile tedavisinde dudak kaslar\u0131n\u0131n rahatlat\u0131lmas\u0131.<\/li><li><strong>Di\u015feti art\u0131rma (greftleme):<\/strong> Di\u015feti \u00e7ekilmelerinde damaktan al\u0131nan dokunun veya \u00e7e\u015fitli greft malzemelerinin gerekli b\u00f6lgeye uygulanmas\u0131.<\/li><li><strong>Periodontal tedaviler:<\/strong> Gingivitis ve periodontitis vakalar\u0131nda di\u015feti dokular\u0131n\u0131 sa\u011fl\u0131\u011f\u0131na kavu\u015fturmak i\u00e7in cerrahi veya non-cerrahi y\u00f6ntemler uygulan\u0131r.<\/li><\/ul><p><strong>Pembe Estetik Tedavisinde A\u011fr\u0131 ve \u0130yile\u015fme S\u00fcreci<\/strong><\/p><p>Di\u015f eti esteti\u011fi, lokal anestezi alt\u0131nda yap\u0131lan min\u00f6r cerrahi i\u015flemlerden olu\u015fur. Bu nedenle i\u015flem s\u0131ras\u0131nda a\u011fr\u0131 hissedilmez. \u0130yile\u015fme s\u00fcresi yap\u0131lan uygulamaya g\u00f6re de\u011fi\u015fmekle birlikte genellikle <strong>14\u201321 g\u00fcn<\/strong> aras\u0131nda tamamlan\u0131r. Bu s\u00fcre\u00e7 g\u00fcl\u00fc\u015f tasar\u0131m\u0131na ba\u015flamadan \u00f6nce mutlaka beklenmelidir. Di\u015fetleri nihai \u015feklini ve formunu almadan yap\u0131lacak olan g\u00fcl\u00fc\u015f tasar\u0131m\u0131 uzun \u00f6m\u00fcrl\u00fc olmaz Baz\u0131 durumlarda ek m\u00fcdahaleler de gerekebilir.<\/p><p><strong>Koruyucu Hekimlik ve D\u00fczenli Kontrollerin \u00d6nemi<\/strong><\/p><p>Pembe estetik tedavilerinde en \u00f6nemli nokta, di\u015feti sa\u011fl\u0131\u011f\u0131n\u0131 uzun vadede korumakt\u0131r. D\u00fczenli di\u015f hekimi kontrolleri, do\u011fru f\u0131r\u00e7alama teknikleri ve a\u011f\u0131z hijyenine dikkat edilmesi, hem estetik sonu\u00e7lar\u0131n kal\u0131c\u0131l\u0131\u011f\u0131n\u0131 sa\u011flar hem de di\u015feti hastal\u0131klar\u0131n\u0131n tekrar etmesini \u00f6nler.<\/p><p><strong>Sonu\u00e7<\/strong><\/p><p>Pembe estetik, yaln\u0131zca estetik bir uygulama de\u011fil; ayn\u0131 zamanda <strong>di\u015feti hastal\u0131klar\u0131n\u0131n ve di\u015feti \u00e7ekilmelerinin tedavisini de kapsayan<\/strong> kapsaml\u0131 bir yakla\u015f\u0131md\u0131r.<br \/><strong>Dr. Serap \u00d6zdamar\u2019\u0131n belirtti\u011fi gibi, sa\u011fl\u0131kl\u0131 ve simetrik di\u015f etleri olmadan kusursuz bir g\u00fcl\u00fc\u015f elde etmek m\u00fcmk\u00fcn de\u011fildir.<\/strong><br \/>G\u00fcl\u00fc\u015f tasar\u0131m\u0131nda beyaz estetik (di\u015fler) ile pembe estetik (di\u015fetleri) bir b\u00fct\u00fcnd\u00fcr. Bu nedenle di\u015f esteti\u011fi planlan\u0131rken mutlaka di\u015fetleri de g\u00f6z \u00f6n\u00fcnde bulundurulmal\u0131d\u0131r.<\/p><p>Sa\u011fl\u0131kla \u0131\u015f\u0131ldayan, ferah bir nefes ile \u00f6zg\u00fcvenli ve beybeyaz g\u00fcl\u00fc\u015fler dileriz.<\/p>\t\t\t\t\t\t<\/div>\n\t\t\t\t<\/div>\n\t\t\t\t<\/div>\n\t\t\t\t\t<\/div>\n\t\t\t\t<\/div>\n\t\t\t\t<\/div>\n\t\t","protected":false},"excerpt":{"rendered":"<p>Pembe Estetik Nedir Pembe Estetik Nedir? Kusursuz G\u00fcl\u00fc\u015f \u0130\u00e7in Di\u015f Eti Esteti\u011fi Dr. Serap \u00d6zdamar yan\u0131tl\u0131yor:Estetik di\u015f hekimli\u011finde yaln\u0131zca di\u015flerin beyaz ve orant\u0131l\u0131 olmas\u0131 yetmez; di\u015feti sa\u011fl\u0131\u011f\u0131 ve g\u00f6r\u00fcn\u00fcm\u00fc de esteti\u011fin ayr\u0131lmaz bir par\u00e7as\u0131d\u0131r. \u0130\u015fte bu noktada devreye giren pembe estetik, di\u015f etlerinin sa\u011fl\u0131kl\u0131, simetrik ve estetik bir g\u00f6r\u00fcn\u00fcme kavu\u015fmas\u0131n\u0131 sa\u011flar. Ayn\u0131 zamanda di\u015feti hastal\u0131klar\u0131n\u0131n [&hellip;]<\/p>\n","protected":false},"author":1,"featured_media":0,"parent":0,"menu_order":0,"comment_status":"closed","ping_status":"closed","template":"","meta":{"_acf_changed":false,"footnotes":""},"class_list":["post-2034","page","type-page","status-publish","hentry"],"acf":[],"_links":{"self":[{"href":"https:\/\/drserapozdamar.com\/index.php?rest_route=\/wp\/v2\/pages\/2034"}],"collection":[{"href":"https:\/\/drserapozdamar.com\/index.php?rest_route=\/wp\/v2\/pages"}],"about":[{"href":"https:\/\/drserapozdamar.com\/index.php?rest_route=\/wp\/v2\/types\/page"}],"author":[{"embeddable":true,"href":"https:\/\/drserapozdamar.com\/index.php?rest_route=\/wp\/v2\/users\/1"}],"replies":[{"embeddable":true,"href":"https:\/\/drserapozdamar.com\/index.php?rest_route=%2Fwp%2Fv2%2Fcomments&post=2034"}],"version-history":[{"count":5,"href":"https:\/\/drserapozdamar.com\/index.php?rest_route=\/wp\/v2\/pages\/2034\/revisions"}],"predecessor-version":[{"id":2039,"href":"https:\/\/drserapozdamar.com\/index.php?rest_route=\/wp\/v2\/pages\/2034\/revisions\/2039"}],"wp:attachment":[{"href":"https:\/\/drserapozdamar.com\/index.php?rest_route=%2Fwp%2Fv2%2Fmedia&parent=2034"}],"curies":[{"name":"wp","href":"https:\/\/api.w.org\/{rel}","templated":true}]}}