{"id":1927,"date":"2025-09-24T19:21:00","date_gmt":"2025-09-24T19:21:00","guid":{"rendered":"https:\/\/drserapozdamar.com\/?page_id=1927"},"modified":"2025-09-24T19:28:25","modified_gmt":"2025-09-24T19:28:25","slug":"kalp-ve-dis-sagligi","status":"publish","type":"page","link":"https:\/\/drserapozdamar.com\/?page_id=1927","title":{"rendered":"Kalp ve Di\u015f Sa\u011fl\u0131\u011f\u0131"},"content":{"rendered":"\t\t<div data-elementor-type=\"wp-page\" data-elementor-id=\"1927\" class=\"elementor elementor-1927\">\n\t\t\t\t<div class=\"elementor-element elementor-element-7847089 e-flex e-con-boxed e-con e-parent\" data-id=\"7847089\" data-element_type=\"container\" data-settings=\"{&quot;jet_parallax_layout_list&quot;:[]}\">\n\t\t\t\t\t<div class=\"e-con-inner\">\n\t\t<div class=\"elementor-element elementor-element-cdc6413 e-con-full e-flex e-con e-child\" data-id=\"cdc6413\" data-element_type=\"container\" data-settings=\"{&quot;jet_parallax_layout_list&quot;:[]}\">\n\t\t\t\t<div class=\"elementor-element elementor-element-a172a19 elementor-widget elementor-widget-image\" data-id=\"a172a19\" data-element_type=\"widget\" data-widget_type=\"image.default\">\n\t\t\t\t<div class=\"elementor-widget-container\">\n\t\t\t\t\t\t\t\t\t\t\t\t\t<img fetchpriority=\"high\" decoding=\"async\" width=\"640\" height=\"640\" src=\"https:\/\/drserapozdamar.com\/wp-content\/uploads\/2025\/09\/IMG_2225.jpg\" class=\"attachment-large size-large wp-image-1929\" alt=\"\" srcset=\"https:\/\/drserapozdamar.com\/wp-content\/uploads\/2025\/09\/IMG_2225.jpg 640w, https:\/\/drserapozdamar.com\/wp-content\/uploads\/2025\/09\/IMG_2225-300x300.jpg 300w, https:\/\/drserapozdamar.com\/wp-content\/uploads\/2025\/09\/IMG_2225-150x150.jpg 150w, https:\/\/drserapozdamar.com\/wp-content\/uploads\/2025\/09\/IMG_2225-500x500.jpg 500w\" sizes=\"(max-width: 640px) 100vw, 640px\" \/>\t\t\t\t\t\t\t\t\t\t\t\t\t<\/div>\n\t\t\t\t<\/div>\n\t\t\t\t<\/div>\n\t\t<div class=\"elementor-element elementor-element-846bc86 e-con-full e-flex e-con e-child\" data-id=\"846bc86\" data-element_type=\"container\" data-settings=\"{&quot;jet_parallax_layout_list&quot;:[]}\">\n\t\t\t\t<div class=\"elementor-element elementor-element-fcba728 elementor-widget elementor-widget-heading\" data-id=\"fcba728\" data-element_type=\"widget\" data-widget_type=\"heading.default\">\n\t\t\t\t<div class=\"elementor-widget-container\">\n\t\t\t<h2 class=\"elementor-heading-title elementor-size-default\">Kalp ve Di\u015f Sa\u011fl\u0131\u011f\u0131<\/h2>\t\t<\/div>\n\t\t\t\t<\/div>\n\t\t\t\t<div class=\"elementor-element elementor-element-e058062 elementor-widget elementor-widget-text-editor\" data-id=\"e058062\" data-element_type=\"widget\" data-widget_type=\"text-editor.default\">\n\t\t\t\t<div class=\"elementor-widget-container\">\n\t\t\t\t\t\t\t<p><strong>&#8220;Sa\u011fl\u0131k A\u011f\u0131zda Ba\u015flar&#8221;: A\u011f\u0131z ve Di\u015f Sa\u011fl\u0131\u011f\u0131n\u0131n Kalple Ba\u011flant\u0131s\u0131 hakk\u0131nda merak edilenler???<\/strong><\/p><p><em>A\u011f\u0131z-Di\u015f ve \u00c7ene Cerrahisi Uzman\u0131 Dr. Serap \u00d6zdamar, a\u011f\u0131z sa\u011fl\u0131\u011f\u0131 ile kalp hastal\u0131klar\u0131 aras\u0131ndaki hayati ba\u011flant\u0131ya dikkat \u00e7ekiyor.<\/em><\/p><p>A\u011f\u0131z sa\u011fl\u0131\u011f\u0131n\u0131n, genel sa\u011fl\u0131\u011f\u0131n ayr\u0131lmaz bir par\u00e7as\u0131 oldu\u011funu belirten A\u011f\u0131z-Di\u015f ve \u00c7ene Cerrahisi Uzman\u0131 Dr. Serap \u00d6zdamar, \u00f6zellikle kalp hastal\u0131klar\u0131 olan bireyler i\u00e7in bu durumun \u00e7ok daha kritik oldu\u011funu vurguluyor.<\/p><p><strong>A\u011f\u0131z sa\u011fl\u0131\u011f\u0131n\u0131z\u0131 ihmal etmek, kalbinizi riske atmak demek olabilir<\/strong><\/p><p>Dr. \u00d6zdamar, do\u011fumsal kalp hastal\u0131\u011f\u0131 olan \u00e7ocuklarda, kalp kapak hastal\u0131\u011f\u0131 ya da kalp pili ta\u015f\u0131yan eri\u015fkin bireylerde a\u011f\u0131z sa\u011fl\u0131\u011f\u0131n\u0131n daha da b\u00fcy\u00fck bir \u00f6nem ta\u015f\u0131d\u0131\u011f\u0131n\u0131 s\u00f6yl\u00fcyor. \u201c\u00c7\u00fcr\u00fck di\u015fler ve di\u015feti hastal\u0131klar\u0131, a\u011f\u0131zda zarars\u0131z gibi g\u00f6r\u00fcnen ama kana kar\u0131\u015farak kalbin zay\u0131f b\u00f6lgesine yerle\u015febilen bakterilerin kayna\u011f\u0131 olabilir. Bu durum, \u2018infektif endokardit\u2019 ad\u0131 verilen ve kalp kapaklar\u0131n\u0131 etkileyen ciddi bir enfeksiyona yol a\u00e7abilir,\u201d diye uyar\u0131yor.<\/p><p><strong>Fokal enfeksiyonlar, sinsice ilerleyebilir<\/strong><\/p><p>A\u011f\u0131zda olu\u015fan enfeksiyonlar\u0131n bazen sadece lokal sorunlara yol a\u00e7makla kalmad\u0131\u011f\u0131n\u0131 belirten Dr. \u00d6zdamar, bu odaklar\u0131n \u2018fokal enfeksiyon\u2019 olarak v\u00fccuda yay\u0131labilece\u011fine dikkat \u00e7ekiyor:<br \/>\u201cKi\u015fi sa\u011fl\u0131kl\u0131yken bu odaklar sessiz kalabilir. Ancak ba\u011f\u0131\u015f\u0131kl\u0131k sisteminin zay\u0131flad\u0131\u011f\u0131, \u00f6rne\u011fin bir kalp rahats\u0131zl\u0131\u011f\u0131 s\u00f6z konusu oldu\u011funda, bu mikroorganizma kaynaklar\u0131 kana ya da lenf sistemine kar\u0131\u015farak \u00e7ok ciddi komplikasyonlara neden olabilir.\u201d<\/p><p><strong>Di\u015f eti hastal\u0131klar\u0131, kalp krizi riskini art\u0131rabilir<\/strong><\/p><p>Bilimsel ara\u015ft\u0131rmalar da Dr. \u00d6zdamar\u2019\u0131n s\u00f6zlerini destekliyor. Ara\u015ft\u0131rmalar, di\u015f eti iltihaplar\u0131, di\u015f kay\u0131plar\u0131 ve di\u011fer a\u011f\u0131z hastal\u0131klar\u0131n\u0131n koroner arter hastal\u0131klar\u0131, damar sertli\u011fi ve kalp krizi riskini art\u0131rabilece\u011fini g\u00f6steriyor.<br \/>\u201cSon y\u0131llarda yap\u0131lan \u00e7al\u0131\u015fmalar, a\u011f\u0131zda olu\u015fan \u00e7\u00fcr\u00fcklerin ve di\u015feti hastal\u0131klar\u0131n\u0131n sadece estetik ya da lokal sa\u011fl\u0131k sorunlar\u0131 yaratmakla kalmay\u0131p, kalp krizi ve inme gibi hayati risklerle de ba\u011flant\u0131l\u0131 olabilece\u011fini ortaya koyuyor,\u201d diyen Dr. \u00d6zdamar, a\u011f\u0131z bak\u0131m\u0131n\u0131n \u00f6neminin alt\u0131n\u0131 \u00e7iziyor.<\/p><p><strong>A\u011f\u0131z ve di\u015f sa\u011fl\u0131\u011f\u0131 sadece estetik bir konu de\u011fil, genel sa\u011fl\u0131k i\u00e7in vazge\u00e7ilmez bir temel.<\/strong><br \/>\u0130stanbul\u2019da deneyimli bir\u00a0<strong>di\u015f hekimi<\/strong>\u00a0ar\u0131yorsan\u0131z, \u00f6zellikle kalp hastal\u0131klar\u0131 gibi sistemik rahats\u0131zl\u0131klarla ili\u015fkili riskleri g\u00f6z \u00f6n\u00fcnde bulunduran uzmanlara ba\u015fvurman\u0131z b\u00fcy\u00fck \u00f6nem ta\u015f\u0131r.<\/p><p><strong>Periodontal hastal\u0131klar<\/strong>\u00a0yani di\u015f eti hastal\u0131klar\u0131, erken d\u00f6nemde tedavi edilmedi\u011finde hem a\u011f\u0131zda hem de v\u00fccutta ciddi komplikasyonlara yol a\u00e7abilir. Bu nedenle\u00a0<strong>a\u011f\u0131z ve di\u015f sa\u011fl\u0131\u011f\u0131 kontrollerinizi d\u00fczenli olarak yapt\u0131rmak<\/strong>, kalp sa\u011fl\u0131\u011f\u0131n\u0131z\u0131 da koruman\u0131n bir yolu olabilir.<\/p><p>Kalp sa\u011fl\u0131\u011f\u0131 ile do\u011frudan ili\u015fkili olan bu durumlar, g\u00fcn\u00fcm\u00fczde bir\u00e7ok\u00a0<strong>di\u015f hekimi<\/strong>\u00a0taraf\u0131ndan erken te\u015fhis edilebilmekte ve uygun tedavi y\u00f6ntemleriyle y\u00f6netilebilmektedir.<\/p><p><strong>Di\u015f f\u0131r\u00e7alamak kalbinizi de korur<\/strong><\/p><p>Peki, ne yapmal\u0131? Dr. \u00d6zdamar, basit ama etkili \u00f6nerilerde bulunuyor:<br \/>\u201cG\u00fcnde en az iki kez di\u015f f\u0131r\u00e7alamak, di\u015f ipi kullanmak ve 6 ayda bir di\u015f hekimi kontrol\u00fcne gitmek, sadece a\u011f\u0131z sa\u011fl\u0131\u011f\u0131n\u0131z\u0131 de\u011fil, kalp sa\u011fl\u0131\u011f\u0131n\u0131z\u0131 da koruman\u0131za yard\u0131mc\u0131 olur. Erken te\u015fhis sayesinde hem a\u011f\u0131z hem de kalp sa\u011fl\u0131\u011f\u0131nda ciddi problemler ya\u015fanmadan \u00f6nlem al\u0131nabilir.\u201d<\/p><p>\u00a0<\/p>\t\t\t\t\t\t<\/div>\n\t\t\t\t<\/div>\n\t\t\t\t<div class=\"elementor-element elementor-element-67c5f0f elementor-widget elementor-widget-button\" data-id=\"67c5f0f\" data-element_type=\"widget\" data-widget_type=\"button.default\">\n\t\t\t\t<div class=\"elementor-widget-container\">\n\t\t\t\t\t<div class=\"elementor-button-wrapper\">\n\t\t\t<a class=\"elementor-button elementor-button-link elementor-size-sm\" href=\"https:\/\/drserapozdamar.com\/?page_id=1854\">\n\t\t\t\t\t\t<span class=\"elementor-button-content-wrapper\">\n\t\t\t\t\t\t\t\t\t<span class=\"elementor-button-text\">Yaz\u0131lar\u0131ma Geri D\u00f6n<\/span>\n\t\t\t\t\t<\/span>\n\t\t\t\t\t<\/a>\n\t\t<\/div>\n\t\t\t\t<\/div>\n\t\t\t\t<\/div>\n\t\t\t\t<\/div>\n\t\t\t\t\t<\/div>\n\t\t\t\t<\/div>\n\t\t\t\t<\/div>\n\t\t","protected":false},"excerpt":{"rendered":"<p>Kalp ve Di\u015f Sa\u011fl\u0131\u011f\u0131 &#8220;Sa\u011fl\u0131k A\u011f\u0131zda Ba\u015flar&#8221;: A\u011f\u0131z ve Di\u015f Sa\u011fl\u0131\u011f\u0131n\u0131n Kalple Ba\u011flant\u0131s\u0131 hakk\u0131nda merak edilenler??? A\u011f\u0131z-Di\u015f ve \u00c7ene Cerrahisi Uzman\u0131 Dr. Serap \u00d6zdamar, a\u011f\u0131z sa\u011fl\u0131\u011f\u0131 ile kalp hastal\u0131klar\u0131 aras\u0131ndaki hayati ba\u011flant\u0131ya dikkat \u00e7ekiyor. A\u011f\u0131z sa\u011fl\u0131\u011f\u0131n\u0131n, genel sa\u011fl\u0131\u011f\u0131n ayr\u0131lmaz bir par\u00e7as\u0131 oldu\u011funu belirten A\u011f\u0131z-Di\u015f ve \u00c7ene Cerrahisi Uzman\u0131 Dr. Serap \u00d6zdamar, \u00f6zellikle kalp hastal\u0131klar\u0131 olan [&hellip;]<\/p>\n","protected":false},"author":1,"featured_media":0,"parent":0,"menu_order":0,"comment_status":"closed","ping_status":"closed","template":"","meta":{"_acf_changed":false,"footnotes":""},"class_list":["post-1927","page","type-page","status-publish","hentry"],"acf":[],"_links":{"self":[{"href":"https:\/\/drserapozdamar.com\/index.php?rest_route=\/wp\/v2\/pages\/1927"}],"collection":[{"href":"https:\/\/drserapozdamar.com\/index.php?rest_route=\/wp\/v2\/pages"}],"about":[{"href":"https:\/\/drserapozdamar.com\/index.php?rest_route=\/wp\/v2\/types\/page"}],"author":[{"embeddable":true,"href":"https:\/\/drserapozdamar.com\/index.php?rest_route=\/wp\/v2\/users\/1"}],"replies":[{"embeddable":true,"href":"https:\/\/drserapozdamar.com\/index.php?rest_route=%2Fwp%2Fv2%2Fcomments&post=1927"}],"version-history":[{"count":8,"href":"https:\/\/drserapozdamar.com\/index.php?rest_route=\/wp\/v2\/pages\/1927\/revisions"}],"predecessor-version":[{"id":1936,"href":"https:\/\/drserapozdamar.com\/index.php?rest_route=\/wp\/v2\/pages\/1927\/revisions\/1936"}],"wp:attachment":[{"href":"https:\/\/drserapozdamar.com\/index.php?rest_route=%2Fwp%2Fv2%2Fmedia&parent=1927"}],"curies":[{"name":"wp","href":"https:\/\/api.w.org\/{rel}","templated":true}]}}