{"id":1632,"date":"2024-12-07T20:13:34","date_gmt":"2024-12-07T20:13:34","guid":{"rendered":"https:\/\/drserapozdamar.com\/?page_id=1632"},"modified":"2024-12-07T21:23:59","modified_gmt":"2024-12-07T21:23:59","slug":"protez-oncesi-cerrahi","status":"publish","type":"page","link":"https:\/\/drserapozdamar.com\/?page_id=1632","title":{"rendered":"Protez \u00d6ncesi Cerrahi"},"content":{"rendered":"\t\t<div data-elementor-type=\"wp-page\" data-elementor-id=\"1632\" class=\"elementor elementor-1632\">\n\t\t\t\t<div class=\"elementor-element elementor-element-0e1905f e-flex e-con-boxed e-con e-parent\" data-id=\"0e1905f\" data-element_type=\"container\" data-settings=\"{&quot;jet_parallax_layout_list&quot;:[]}\">\n\t\t\t\t\t<div class=\"e-con-inner\">\n\t\t<div class=\"elementor-element elementor-element-80aeff7 e-con-full e-flex e-con e-child\" data-id=\"80aeff7\" data-element_type=\"container\" data-settings=\"{&quot;jet_parallax_layout_list&quot;:[]}\">\n\t\t\t\t<div class=\"elementor-element elementor-element-a2481f5 elementor-widget elementor-widget-image\" data-id=\"a2481f5\" data-element_type=\"widget\" data-widget_type=\"image.default\">\n\t\t\t\t<div class=\"elementor-widget-container\">\n\t\t\t\t\t\t\t\t\t\t\t\t\t<img fetchpriority=\"high\" decoding=\"async\" width=\"568\" height=\"440\" src=\"https:\/\/drserapozdamar.com\/wp-content\/uploads\/2024\/12\/protez-oncesi.webp\" class=\"attachment-large size-large wp-image-1737\" alt=\"\" srcset=\"https:\/\/drserapozdamar.com\/wp-content\/uploads\/2024\/12\/protez-oncesi.webp 568w, https:\/\/drserapozdamar.com\/wp-content\/uploads\/2024\/12\/protez-oncesi-300x232.webp 300w\" sizes=\"(max-width: 568px) 100vw, 568px\" \/>\t\t\t\t\t\t\t\t\t\t\t\t\t<\/div>\n\t\t\t\t<\/div>\n\t\t\t\t<\/div>\n\t\t<div class=\"elementor-element elementor-element-b1d1b1e e-con-full e-flex e-con e-child\" data-id=\"b1d1b1e\" data-element_type=\"container\" data-settings=\"{&quot;jet_parallax_layout_list&quot;:[]}\">\n\t\t\t\t<div class=\"elementor-element elementor-element-cb88997 elementor-widget elementor-widget-heading\" data-id=\"cb88997\" data-element_type=\"widget\" data-widget_type=\"heading.default\">\n\t\t\t\t<div class=\"elementor-widget-container\">\n\t\t\t<h2 class=\"elementor-heading-title elementor-size-default\">Protez \u00d6ncesi Cerrahisi Nedir?<\/h2>\t\t<\/div>\n\t\t\t\t<\/div>\n\t\t\t\t<div class=\"elementor-element elementor-element-3be2136 elementor-widget elementor-widget-text-editor\" data-id=\"3be2136\" data-element_type=\"widget\" data-widget_type=\"text-editor.default\">\n\t\t\t\t<div class=\"elementor-widget-container\">\n\t\t\t\t\t\t\t<p class=\"MsoNormal\" style=\"text-align: justify; text-justify: inter-ideograph; line-height: 150%;\"><span lang=\"EN-US\" style=\"font-family: 'Times New Roman',serif;\">Hareketli protez kullanmas\u0131 gereken hastalarda protez \u00f6ncesi yumu\u015fak dokularda (di\u015f eti) g\u00f6r\u00fclebilen sarkmalar ya da sert dokularda (kemik dokusu) g\u00f6r\u00fclebilen kemik \u00e7\u0131k\u0131nt\u0131lar\u0131 protez \u00f6ncesinde cerrahi olarak d\u00fczeltilmelidir.<\/span><\/p>\n<p><\/p>\n<p class=\"MsoNormal\" style=\"text-align: justify; text-justify: inter-ideograph; line-height: 150%;\"><span lang=\"EN-US\" style=\"font-family: 'Times New Roman',serif;\">Kaplama yap\u0131lmas\u0131 gereken bir di\u015fte di\u015f etinin alt\u0131na inen bir k\u0131r\u0131k ya da \u00e7\u00fcr\u00fck s\u00f6z konusu ise cerrahi olarak o b\u00f6lgedeki di\u015f eti dokusunun bir miktar kald\u0131r\u0131larak protez i\u00e7in yer haz\u0131rlanmas\u0131 gerekebilmektedir.<\/span><\/p>\t\t\t\t\t\t<\/div>\n\t\t\t\t<\/div>\n\t\t\t\t<\/div>\n\t\t\t\t\t<\/div>\n\t\t\t\t<\/div>\n\t\t\t\t<\/div>\n\t\t","protected":false},"excerpt":{"rendered":"<p>Protez \u00d6ncesi Cerrahisi Nedir? Hareketli protez kullanmas\u0131 gereken hastalarda protez \u00f6ncesi yumu\u015fak dokularda (di\u015f eti) g\u00f6r\u00fclebilen sarkmalar ya da sert dokularda (kemik dokusu) g\u00f6r\u00fclebilen kemik \u00e7\u0131k\u0131nt\u0131lar\u0131 protez \u00f6ncesinde cerrahi olarak d\u00fczeltilmelidir. Kaplama yap\u0131lmas\u0131 gereken bir di\u015fte di\u015f etinin alt\u0131na inen bir k\u0131r\u0131k ya da \u00e7\u00fcr\u00fck s\u00f6z konusu ise cerrahi olarak o b\u00f6lgedeki di\u015f eti dokusunun [&hellip;]<\/p>\n","protected":false},"author":1,"featured_media":0,"parent":0,"menu_order":0,"comment_status":"closed","ping_status":"closed","template":"","meta":{"_acf_changed":false,"footnotes":""},"class_list":["post-1632","page","type-page","status-publish","hentry"],"acf":[],"_links":{"self":[{"href":"https:\/\/drserapozdamar.com\/index.php?rest_route=\/wp\/v2\/pages\/1632"}],"collection":[{"href":"https:\/\/drserapozdamar.com\/index.php?rest_route=\/wp\/v2\/pages"}],"about":[{"href":"https:\/\/drserapozdamar.com\/index.php?rest_route=\/wp\/v2\/types\/page"}],"author":[{"embeddable":true,"href":"https:\/\/drserapozdamar.com\/index.php?rest_route=\/wp\/v2\/users\/1"}],"replies":[{"embeddable":true,"href":"https:\/\/drserapozdamar.com\/index.php?rest_route=%2Fwp%2Fv2%2Fcomments&post=1632"}],"version-history":[{"count":4,"href":"https:\/\/drserapozdamar.com\/index.php?rest_route=\/wp\/v2\/pages\/1632\/revisions"}],"predecessor-version":[{"id":1740,"href":"https:\/\/drserapozdamar.com\/index.php?rest_route=\/wp\/v2\/pages\/1632\/revisions\/1740"}],"wp:attachment":[{"href":"https:\/\/drserapozdamar.com\/index.php?rest_route=%2Fwp%2Fv2%2Fmedia&parent=1632"}],"curies":[{"name":"wp","href":"https:\/\/api.w.org\/{rel}","templated":true}]}}